{"id":10247,"date":"2025-03-20T18:19:40","date_gmt":"2025-03-20T16:19:40","guid":{"rendered":"https:\/\/jansen.es\/?post_type=project&#038;p=10247"},"modified":"2025-03-20T18:19:40","modified_gmt":"2025-03-20T16:19:40","slug":"vivenda-particular-em-los-penasales","status":"publish","type":"project","link":"https:\/\/jansen.es\/pt-pt\/project\/vivenda-particular-em-los-penasales\/","title":{"rendered":"Vivenda Particular em Los Pe\u00f1asales"},"content":{"rendered":"","protected":false},"excerpt":{"rendered":"","protected":false},"author":3,"featured_media":10021,"comment_status":"closed","ping_status":"closed","template":"","meta":{"_et_pb_use_builder":"","_et_pb_old_content":"","_et_gb_content_width":"","footnotes":""},"project_category":[79,73,78,93,84],"project_tag":[],"class_list":["post-10247","project","type-project","status-publish","has-post-thumbnail","hentry","project_category-janelas","project_category-nova-construcao","project_category-portas","project_category-residencial-pt","project_category-sem-requisito"],"acf":[],"yoast_head":"<!-- This site is optimized with the Yoast SEO plugin v27.5 - https:\/\/yoast.com\/product\/yoast-seo-wordpress\/ -->\n<title>Vivenda Particular em Los Pe\u00f1asales - Jansen<\/title>\n<meta name=\"robots\" content=\"index, follow, max-snippet:-1, max-image-preview:large, max-video-preview:-1\" \/>\n<link rel=\"canonical\" href=\"https:\/\/jansen.es\/pt-pt\/project\/vivenda-particular-em-los-penasales\/\" \/>\n<meta property=\"og:locale\" content=\"pt_PT\" \/>\n<meta property=\"og:type\" content=\"article\" \/>\n<meta property=\"og:title\" content=\"Vivenda Particular em Los Pe\u00f1asales - Jansen\" \/>\n<meta property=\"og:site_name\" content=\"Jansen\" \/>\n<meta property=\"og:image\" content=\"https:\/\/jansen.es\/wp-content\/uploads\/2025\/03\/vivienda-penasales-ventanas-puertas-janisol.jpg\" \/>\n\t<meta property=\"og:image:width\" content=\"1667\" \/>\n\t<meta property=\"og:image:height\" content=\"2500\" \/>\n\t<meta property=\"og:image:type\" content=\"image\/jpeg\" \/>\n<meta name=\"twitter:card\" content=\"summary_large_image\" \/>\n<meta name=\"twitter:label1\" content=\"Tempo estimado de leitura\" \/>\n\t<meta name=\"twitter:data1\" content=\"1 minuto\" \/>\n<script type=\"application\/ld+json\" class=\"yoast-schema-graph\">{\"@context\":\"https:\\\/\\\/schema.org\",\"@graph\":[{\"@type\":\"WebPage\",\"@id\":\"https:\\\/\\\/jansen.es\\\/pt-pt\\\/project\\\/vivenda-particular-em-los-penasales\\\/\",\"url\":\"https:\\\/\\\/jansen.es\\\/pt-pt\\\/project\\\/vivenda-particular-em-los-penasales\\\/\",\"name\":\"Vivenda Particular em Los Pe\u00f1asales - Jansen\",\"isPartOf\":{\"@id\":\"https:\\\/\\\/jansen.es\\\/#website\"},\"primaryImageOfPage\":{\"@id\":\"https:\\\/\\\/jansen.es\\\/pt-pt\\\/project\\\/vivenda-particular-em-los-penasales\\\/#primaryimage\"},\"image\":{\"@id\":\"https:\\\/\\\/jansen.es\\\/pt-pt\\\/project\\\/vivenda-particular-em-los-penasales\\\/#primaryimage\"},\"thumbnailUrl\":\"https:\\\/\\\/jansen.es\\\/wp-content\\\/uploads\\\/2025\\\/03\\\/vivienda-penasales-ventanas-puertas-janisol.jpg\",\"datePublished\":\"2025-03-20T16:19:40+00:00\",\"breadcrumb\":{\"@id\":\"https:\\\/\\\/jansen.es\\\/pt-pt\\\/project\\\/vivenda-particular-em-los-penasales\\\/#breadcrumb\"},\"inLanguage\":\"pt-PT\",\"potentialAction\":[{\"@type\":\"ReadAction\",\"target\":[\"https:\\\/\\\/jansen.es\\\/pt-pt\\\/project\\\/vivenda-particular-em-los-penasales\\\/\"]}]},{\"@type\":\"ImageObject\",\"inLanguage\":\"pt-PT\",\"@id\":\"https:\\\/\\\/jansen.es\\\/pt-pt\\\/project\\\/vivenda-particular-em-los-penasales\\\/#primaryimage\",\"url\":\"https:\\\/\\\/jansen.es\\\/wp-content\\\/uploads\\\/2025\\\/03\\\/vivienda-penasales-ventanas-puertas-janisol.jpg\",\"contentUrl\":\"https:\\\/\\\/jansen.es\\\/wp-content\\\/uploads\\\/2025\\\/03\\\/vivienda-penasales-ventanas-puertas-janisol.jpg\",\"width\":1667,\"height\":2500,\"caption\":\"Vivienda en Los Pe\u00f1asales con carpinter\u00eda met\u00e1lica Janisol de Jansen\"},{\"@type\":\"BreadcrumbList\",\"@id\":\"https:\\\/\\\/jansen.es\\\/pt-pt\\\/project\\\/vivenda-particular-em-los-penasales\\\/#breadcrumb\",\"itemListElement\":[{\"@type\":\"ListItem\",\"position\":1,\"name\":\"Inicio\",\"item\":\"https:\\\/\\\/jansen.es\\\/pt-pt\\\/\"},{\"@type\":\"ListItem\",\"position\":2,\"name\":\"Projects\",\"item\":\"https:\\\/\\\/jansen.es\\\/pt-pt\\\/project\\\/\"},{\"@type\":\"ListItem\",\"position\":3,\"name\":\"Vivenda Particular em Los Pe\u00f1asales\"}]},{\"@type\":\"WebSite\",\"@id\":\"https:\\\/\\\/jansen.es\\\/#website\",\"url\":\"https:\\\/\\\/jansen.es\\\/\",\"name\":\"Jansen\",\"description\":\"Empresa l\u00edder en la fabricaci\u00f3n de perfiles de acero para puertas y ventanas\",\"publisher\":{\"@id\":\"https:\\\/\\\/jansen.es\\\/#organization\"},\"alternateName\":\"Jansen\",\"potentialAction\":[{\"@type\":\"SearchAction\",\"target\":{\"@type\":\"EntryPoint\",\"urlTemplate\":\"https:\\\/\\\/jansen.es\\\/?s={search_term_string}\"},\"query-input\":{\"@type\":\"PropertyValueSpecification\",\"valueRequired\":true,\"valueName\":\"search_term_string\"}}],\"inLanguage\":\"pt-PT\"},{\"@type\":\"Organization\",\"@id\":\"https:\\\/\\\/jansen.es\\\/#organization\",\"name\":\"Jansen\",\"alternateName\":\"Jansen\",\"url\":\"https:\\\/\\\/jansen.es\\\/\",\"logo\":{\"@type\":\"ImageObject\",\"inLanguage\":\"pt-PT\",\"@id\":\"https:\\\/\\\/jansen.es\\\/#\\\/schema\\\/logo\\\/image\\\/\",\"url\":\"https:\\\/\\\/jansen.es\\\/wp-content\\\/uploads\\\/2022\\\/04\\\/favicon_jansen.png\",\"contentUrl\":\"https:\\\/\\\/jansen.es\\\/wp-content\\\/uploads\\\/2022\\\/04\\\/favicon_jansen.png\",\"width\":238,\"height\":230,\"caption\":\"Jansen\"},\"image\":{\"@id\":\"https:\\\/\\\/jansen.es\\\/#\\\/schema\\\/logo\\\/image\\\/\"},\"sameAs\":[\"https:\\\/\\\/www.instagram.com\\\/janseniberia\\\/\",\"https:\\\/\\\/www.pinterest.es\\\/janseniberia\\\/_created\\\/\",\"https:\\\/\\\/www.linkedin.com\\\/company\\\/metalco-arquitectura-en-acero-s.l.\\\/\"]}]}<\/script>\n<!-- \/ Yoast SEO plugin. -->","yoast_head_json":{"title":"Vivenda Particular em Los Pe\u00f1asales - Jansen","robots":{"index":"index","follow":"follow","max-snippet":"max-snippet:-1","max-image-preview":"max-image-preview:large","max-video-preview":"max-video-preview:-1"},"canonical":"https:\/\/jansen.es\/pt-pt\/project\/vivenda-particular-em-los-penasales\/","og_locale":"pt_PT","og_type":"article","og_title":"Vivenda Particular em Los Pe\u00f1asales - Jansen","og_site_name":"Jansen","og_image":[{"width":1667,"height":2500,"url":"https:\/\/jansen.es\/wp-content\/uploads\/2025\/03\/vivienda-penasales-ventanas-puertas-janisol.jpg","type":"image\/jpeg"}],"twitter_card":"summary_large_image","twitter_misc":{"Tempo estimado de leitura":"1 minuto"},"schema":{"@context":"https:\/\/schema.org","@graph":[{"@type":"WebPage","@id":"https:\/\/jansen.es\/pt-pt\/project\/vivenda-particular-em-los-penasales\/","url":"https:\/\/jansen.es\/pt-pt\/project\/vivenda-particular-em-los-penasales\/","name":"Vivenda Particular em Los Pe\u00f1asales - Jansen","isPartOf":{"@id":"https:\/\/jansen.es\/#website"},"primaryImageOfPage":{"@id":"https:\/\/jansen.es\/pt-pt\/project\/vivenda-particular-em-los-penasales\/#primaryimage"},"image":{"@id":"https:\/\/jansen.es\/pt-pt\/project\/vivenda-particular-em-los-penasales\/#primaryimage"},"thumbnailUrl":"https:\/\/jansen.es\/wp-content\/uploads\/2025\/03\/vivienda-penasales-ventanas-puertas-janisol.jpg","datePublished":"2025-03-20T16:19:40+00:00","breadcrumb":{"@id":"https:\/\/jansen.es\/pt-pt\/project\/vivenda-particular-em-los-penasales\/#breadcrumb"},"inLanguage":"pt-PT","potentialAction":[{"@type":"ReadAction","target":["https:\/\/jansen.es\/pt-pt\/project\/vivenda-particular-em-los-penasales\/"]}]},{"@type":"ImageObject","inLanguage":"pt-PT","@id":"https:\/\/jansen.es\/pt-pt\/project\/vivenda-particular-em-los-penasales\/#primaryimage","url":"https:\/\/jansen.es\/wp-content\/uploads\/2025\/03\/vivienda-penasales-ventanas-puertas-janisol.jpg","contentUrl":"https:\/\/jansen.es\/wp-content\/uploads\/2025\/03\/vivienda-penasales-ventanas-puertas-janisol.jpg","width":1667,"height":2500,"caption":"Vivienda en Los Pe\u00f1asales con carpinter\u00eda met\u00e1lica Janisol de Jansen"},{"@type":"BreadcrumbList","@id":"https:\/\/jansen.es\/pt-pt\/project\/vivenda-particular-em-los-penasales\/#breadcrumb","itemListElement":[{"@type":"ListItem","position":1,"name":"Inicio","item":"https:\/\/jansen.es\/pt-pt\/"},{"@type":"ListItem","position":2,"name":"Projects","item":"https:\/\/jansen.es\/pt-pt\/project\/"},{"@type":"ListItem","position":3,"name":"Vivenda Particular em Los Pe\u00f1asales"}]},{"@type":"WebSite","@id":"https:\/\/jansen.es\/#website","url":"https:\/\/jansen.es\/","name":"Jansen","description":"Empresa l\u00edder en la fabricaci\u00f3n de perfiles de acero para puertas y ventanas","publisher":{"@id":"https:\/\/jansen.es\/#organization"},"alternateName":"Jansen","potentialAction":[{"@type":"SearchAction","target":{"@type":"EntryPoint","urlTemplate":"https:\/\/jansen.es\/?s={search_term_string}"},"query-input":{"@type":"PropertyValueSpecification","valueRequired":true,"valueName":"search_term_string"}}],"inLanguage":"pt-PT"},{"@type":"Organization","@id":"https:\/\/jansen.es\/#organization","name":"Jansen","alternateName":"Jansen","url":"https:\/\/jansen.es\/","logo":{"@type":"ImageObject","inLanguage":"pt-PT","@id":"https:\/\/jansen.es\/#\/schema\/logo\/image\/","url":"https:\/\/jansen.es\/wp-content\/uploads\/2022\/04\/favicon_jansen.png","contentUrl":"https:\/\/jansen.es\/wp-content\/uploads\/2022\/04\/favicon_jansen.png","width":238,"height":230,"caption":"Jansen"},"image":{"@id":"https:\/\/jansen.es\/#\/schema\/logo\/image\/"},"sameAs":["https:\/\/www.instagram.com\/janseniberia\/","https:\/\/www.pinterest.es\/janseniberia\/_created\/","https:\/\/www.linkedin.com\/company\/metalco-arquitectura-en-acero-s.l.\/"]}]}},"_links":{"self":[{"href":"https:\/\/jansen.es\/pt-pt\/wp-json\/wp\/v2\/project\/10247","targetHints":{"allow":["GET"]}}],"collection":[{"href":"https:\/\/jansen.es\/pt-pt\/wp-json\/wp\/v2\/project"}],"about":[{"href":"https:\/\/jansen.es\/pt-pt\/wp-json\/wp\/v2\/types\/project"}],"author":[{"embeddable":true,"href":"https:\/\/jansen.es\/pt-pt\/wp-json\/wp\/v2\/users\/3"}],"replies":[{"embeddable":true,"href":"https:\/\/jansen.es\/pt-pt\/wp-json\/wp\/v2\/comments?post=10247"}],"version-history":[{"count":1,"href":"https:\/\/jansen.es\/pt-pt\/wp-json\/wp\/v2\/project\/10247\/revisions"}],"predecessor-version":[{"id":10248,"href":"https:\/\/jansen.es\/pt-pt\/wp-json\/wp\/v2\/project\/10247\/revisions\/10248"}],"wp:featuredmedia":[{"embeddable":true,"href":"https:\/\/jansen.es\/pt-pt\/wp-json\/wp\/v2\/media\/10021"}],"wp:attachment":[{"href":"https:\/\/jansen.es\/pt-pt\/wp-json\/wp\/v2\/media?parent=10247"}],"wp:term":[{"taxonomy":"project_category","embeddable":true,"href":"https:\/\/jansen.es\/pt-pt\/wp-json\/wp\/v2\/project_category?post=10247"},{"taxonomy":"project_tag","embeddable":true,"href":"https:\/\/jansen.es\/pt-pt\/wp-json\/wp\/v2\/project_tag?post=10247"}],"curies":[{"name":"wp","href":"https:\/\/api.w.org\/{rel}","templated":true}]}}

Vivenda Particular em Los Peñasales

<!-- This site is optimized with the Yoast SEO plugin v27.5 - https://yoast.com/product/yoast-seo-wordpress/ -->
<title>Vivenda Particular em Los Peñasales - Jansen</title>
<meta name="robots" content="index, follow, max-snippet:-1, max-image-preview:large, max-video-preview:-1" />
<link rel="canonical" href="https://jansen.es/pt-pt/project/vivenda-particular-em-los-penasales/" />
<meta property="og:locale" content="pt_PT" />
<meta property="og:type" content="article" />
<meta property="og:title" content="Vivenda Particular em Los Peñasales - Jansen" />
<meta property="og:site_name" content="Jansen" />
<meta property="og:image" content="https://jansen.es/wp-content/uploads/2025/03/vivienda-penasales-ventanas-puertas-janisol.jpg" />
	<meta property="og:image:width" content="1667" />
	<meta property="og:image:height" content="2500" />
	<meta property="og:image:type" content="image/jpeg" />
<meta name="twitter:card" content="summary_large_image" />
<meta name="twitter:label1" content="Tempo estimado de leitura" />
	<meta name="twitter:data1" content="1 minuto" />
<script type="application/ld+json" class="yoast-schema-graph">{"@context":"https:\/\/schema.org","@graph":[{"@type":"WebPage","@id":"https:\/\/jansen.es\/pt-pt\/project\/vivenda-particular-em-los-penasales\/","url":"https:\/\/jansen.es\/pt-pt\/project\/vivenda-particular-em-los-penasales\/","name":"Vivenda Particular em Los Peñasales - Jansen","isPartOf":{"@id":"https:\/\/jansen.es\/#website"},"primaryImageOfPage":{"@id":"https:\/\/jansen.es\/pt-pt\/project\/vivenda-particular-em-los-penasales\/#primaryimage"},"image":{"@id":"https:\/\/jansen.es\/pt-pt\/project\/vivenda-particular-em-los-penasales\/#primaryimage"},"thumbnailUrl":"https:\/\/jansen.es\/wp-content\/uploads\/2025\/03\/vivienda-penasales-ventanas-puertas-janisol.jpg","datePublished":"2025-03-20T16:19:40+00:00","breadcrumb":{"@id":"https:\/\/jansen.es\/pt-pt\/project\/vivenda-particular-em-los-penasales\/#breadcrumb"},"inLanguage":"pt-PT","potentialAction":[{"@type":"ReadAction","target":["https:\/\/jansen.es\/pt-pt\/project\/vivenda-particular-em-los-penasales\/"]}]},{"@type":"ImageObject","inLanguage":"pt-PT","@id":"https:\/\/jansen.es\/pt-pt\/project\/vivenda-particular-em-los-penasales\/#primaryimage","url":"https:\/\/jansen.es\/wp-content\/uploads\/2025\/03\/vivienda-penasales-ventanas-puertas-janisol.jpg","contentUrl":"https:\/\/jansen.es\/wp-content\/uploads\/2025\/03\/vivienda-penasales-ventanas-puertas-janisol.jpg","width":1667,"height":2500,"caption":"Vivienda en Los Peñasales con carpintería metálica Janisol de Jansen"},{"@type":"BreadcrumbList","@id":"https:\/\/jansen.es\/pt-pt\/project\/vivenda-particular-em-los-penasales\/#breadcrumb","itemListElement":[{"@type":"ListItem","position":1,"name":"Inicio","item":"https:\/\/jansen.es\/pt-pt\/"},{"@type":"ListItem","position":2,"name":"Projects","item":"https:\/\/jansen.es\/pt-pt\/project\/"},{"@type":"ListItem","position":3,"name":"Vivenda Particular em Los Peñasales"}]},{"@type":"WebSite","@id":"https:\/\/jansen.es\/#website","url":"https:\/\/jansen.es\/","name":"Jansen","description":"Empresa líder en la fabricación de perfiles de acero para puertas y ventanas","publisher":{"@id":"https:\/\/jansen.es\/#organization"},"alternateName":"Jansen","potentialAction":[{"@type":"SearchAction","target":{"@type":"EntryPoint","urlTemplate":"https:\/\/jansen.es\/?s={search_term_string}"},"query-input":{"@type":"PropertyValueSpecification","valueRequired":true,"valueName":"search_term_string"}}],"inLanguage":"pt-PT"},{"@type":"Organization","@id":"https:\/\/jansen.es\/#organization","name":"Jansen","alternateName":"Jansen","url":"https:\/\/jansen.es\/","logo":{"@type":"ImageObject","inLanguage":"pt-PT","@id":"https:\/\/jansen.es\/#\/schema\/logo\/image\/","url":"https:\/\/jansen.es\/wp-content\/uploads\/2022\/04\/favicon_jansen.png","contentUrl":"https:\/\/jansen.es\/wp-content\/uploads\/2022\/04\/favicon_jansen.png","width":238,"height":230,"caption":"Jansen"},"image":{"@id":"https:\/\/jansen.es\/#\/schema\/logo\/image\/"},"sameAs":["https:\/\/www.instagram.com\/janseniberia\/","https:\/\/www.pinterest.es\/janseniberia\/_created\/","https:\/\/www.linkedin.com\/company\/metalco-arquitectura-en-acero-s.l.\/"]}]}</script>
<!-- / Yoast SEO plugin. -->

Vivenda Particular em Los Peñasales - Jansen

Vivienda en Los Peñasales con carpintería metálica Janisol de Jansen

Empresa líder en la fabricación de perfiles de acero para puertas y ventanas
